 l(-1). Let h(s) = -s + 3*s + d - s. What is h(5)?
6
Suppose -2*c + 7*c = 15, 5*v - 2*c = 4. Let q(g) = g + g + g**v + g - 3. Let f = 6 + -10. Determine q(f).
1
Let j(u) = -u**3 - 8*u**2 - 6*u - 4. Let y be j(-7). Let o(m) = -4*m - 9. Let n(d) = -2*d - 5. Let z(c) = y*n(c) + 6*o(c). Determine z(3).
-5
Let u(h) = -h. Let r(b) = -b**3 - 3*b**2 + 3*b + 2. Let j be r(-4). What is u(j)?
-6
Let o(v) = 7*v**3 - 3*v**2 + v + 1. Let n be o(1). Let g(t) = -t**2 + 5*t - 2. Calculate g(n).
-8
Let a(m) = -6*m**3 + m + 1. Let r be a(-1). Let i(p) = -p**3 + 5*p**2 + 6*p + 8. Give i(r).
8
Let f(g) = g**2 - 7*g + 7. Let h be f(4). Let u(w) = -5 - 4*w**2 + 8*w - 3*w + 10*w**2 + w**3. Calculate u(h).
-5
Let j = 6 - 5. Let o(t) be the third derivative of t**2 + 0*t**3 + 0*t - 1/24*t**4 + 0. Give o(j).
-1
Let s(l) be the second derivative of -3*l**5/5 + l**3/6 + l**2/2 - l. What is s(-1)?
12
Let v be (-1 + -2)/((-3)/5). Let g(i) = i**3 + v*i - 2*i**3 + 6 + 8*i**2 - 12*i**2. Give g(-5).
6
Let d(f) = 11*f + 3. Suppose 0 = -8*w - 8 - 8. Determine d(w).
-19
Let q(y) be the second derivative of y**4/6 - 7*y**3/3 + 9*y**2/2 + 5*y - 3. Give q(6).
-3
Suppose 0 = 5*a + 3*f + 31, -a - 2 = -3*f - 3. Let r(p) be the third derivative of p**6/120 + p**5/15 - 7*p**4/24 - p**3 - p**2. What is r(a)?
4
Let j = 0 + 6. Let y(a) = -j - a + 6 - 1 - 3*a**3 - a**2. Determine y(-1).
2
Suppose -12*a + 5*a + 14 = 0. Let c(p) = 5*p + p + p - p. Determine c(a).
12
Let m(f) = -f**3 - 2*f**2 - 2*f. Suppose -3*w - 2*q = 0, -w + 3*q = 7*q - 10. Calculate m(w).
4
Let i(g) = 2*g**2 - 3*g + 4. Suppose -z + 11 = 2*r - 2*z, 0 = 2*r - 2*z - 16. What is i(r)?
13
Let n be -3*(-1)/3 + 2. Suppose n*l - 5 + 11 = 0. Let x be l/(-4)*(-2 - 4). Let z(k) = k**3 + 4*k**2 + 2*k. Give z(x).
3
Let j(t) be the second derivative of -1/12*t**4 + 0 + 3/2*t**2 - 5*t + t**3. What is j(6)?
3
Let c(a) be the third derivative of a**5/60 - a**4/24 + 5*a**3/6 + 5*a**2. Let r(y) = y - 4. Let w(j) = 3*c(j) + 4*r(j). Calculate w(-2).
9
Let c(y) = 8*y + 10. Let d(w) = 7*w + 9. Let k(n) = 6*c(n) - 7*d(n). Calculate k(-5).
2
Let v(o) = 3*o**2 + 4*o + 6. Let y(p) = -p**2 - 1. Let h(z) = -v(z) - 4*y(z). Determine h(5).
3
Let n(y) = 6*y + 5. Let u(k) = -k. Let b be u(-5). Let v(j) = -5*j - 4. Let d(z) = b*v(z) + 4*n(z). Calculate d(-2).
2
Let g(a) = a**2 - 5*a - 3. Let s(v) = -v**3 + 6*v**2 + 9*v - 8. Let u be s(7). Let x(t) = t - 2. Let h be x(u). Give g(h).
-7
Let h(t) be the first derivative of t**4/4 - 4*t + 3. Let k be 0/((-1)/(-1 + 2)). Let n be k/(-3 - (-3 + 1)). What is h(n)?
-4
Let r(b) = b**3 - 4*b**2 - 4*b + 4. Suppose 2*z + 2*v = 6, 4*z = -2*v - 3*v + 15. Suppose 4*x - x - 15 = z. Determine r(x).
9
Let q = -8 - -22. Suppose -5*l = -q + 4. Let f(u) = u - u**2 - 4*u + 2*u**2 - l*u**2. What is f(-4)?
-4
Suppose 3*w - 18 = 42. Suppose -3*u - u = 2*l - 24, 4*u - w = 0. Let d(f) = 1 + 1 - 6 + l*f - 3*f. Give d(0).
-4
Let r be 21/(-9) + (-2)/3. Let i be (-2)/(0 - (-4)/(-10)). Let o(d) = d**2 + d + 1. Let k(c) = -6*c**2 - 6*c - 7. Let t(j) = i*o(j) + k(j). What is t(r)?
-8
Let s = 734 - 736. Let l(u) be the third derivative of u**8/20160 + u**7/1680 + u**6/720 - u**5/60 + u**2. Let x(h) be the third derivative of l(h). Give x(s).
-1
Let l(f) = -f**2 - 7*f. Let n be l(-6). Let j(h) = 5*h - 4*h + 3 + 7*h - n. What is j(2)?
13
Let q(t) = t**3 - t**2 - 3*t - 2. Let f be q(3). Let w(b) = -b**2 + 6*b + 7. Let j be w(f). Let n(x) = x + x**2 + 5 + 4*x + j. Determine n(-5).
5
Let v(x) = 4*x**2 + 5*x - 3. Let k(y) = 7*y**2 + 10*y - 7. Let b(d) = 3*k(d) - 5*v(d). Calculate b(-5).
-6
Let o = -2 - -2. Let p(n) = -n + o*n + 1 + 3. Suppose 4*d - 2*j = 10 + 12, 3*j + 15 = 0. Give p(d).
1
Let k(a) = -a**3 + 3*a**2 - 2*a + 2. Let y be k(2). Suppose -5*c + 5 = 10. Let g = y - c. Let l(b) = b**3 - 2*b**2 - 4*b + 1. What is l(g)?
-2
Let z(l) = -l**2 - 6*l - 4. Suppose 0 = -4*g + 6*g + 8. Determine z(g).
4
Suppose 4*c = 15 + 17. Let p(m) = m - 2. Determine p(c).
6
Let v(i) be the third derivative of 1/8*i**4 + 1/60*i**5 - 2/3*i**3 + 0 - i**2 + 0*i. Let s be (3/(-2))/(1/2). Calculate v(s).
-4
Let g(u) = -u + 2. Let w be g(-2). Let c(o) be the second derivative of -o**3/6 + o**2 - 7*o. What is c(w)?
-2
Let j(n) = -n - 6 + 6. Let w be j(-2). Let m(g) = w + 0*g + 0*g - 4*g. What is m(2)?
-6
Let r(u) = 2*u**3 - 6*u**2 + 5*u - 3. Let a(s) = -s**3 + 3*s**2 - 3*s + 2. Let t(y) = -11*a(y) - 6*r(y). Calculate t(4).
-8
Let x(c) = c**3 - 4*c**2 - 4*c - 9. Let j be x(5). Let w(r) = -r + 1. What is w(j)?
5
Let r(h) = -h - 3. Let k be r(-7). Suppose -3*q + 10 = 5*f, -2*f - 6*q = -k*q. Let d(p) = -3*p**2 - f - p**3 - 2*p + 4*p + 5*p - 3*p. Determine d(-4).
-5
Let m be (-4)/6 - 4/(-6). Suppose 3*z + m*z - 6 = 0. Suppose -2*q - z*q - 12 = 0. Let k(h) = h**3 + 4*h**2 + 2*h. Calculate k(q).
3
Let x = 3 - 3. Suppose 5*n + x*n = 0. Suppose -2*i = -n*i + 6. Let j(r) = r**3 + r**2 - 3*r. Give j(i).
-9
Let h(p) = -p**2 + 8*p - 2. Let u = -1 + 8. Determine h(u).
5
Let z(u) = -u**3 - u**2 - 3*u - 3. Let s = -73 + 71. Determine z(s).
7
Let a(p) = -3*p**3 + 3*p**2 - p + 4. Let l(z) = -8*z**3 + 5*z**2 - 3*z + 9. Let o(j) = 5*a(j) - 2*l(j). Give o(-5).
-3
Let c(d) = d**2 + 4*d + 4. Let y be 0 + 8 - (1 + 2). Suppose 0 = 3*b + 3*l + 18, -2*b + y*l = -3*b - 18. Calculate c(b).
1
Suppose 0 + 2 = t. Let h(c) = c + 5*c**2 - t*c + 1 - 6*c**2. Give h(-3).
-5
Suppose p - q = -1, 4*p - 2*q + 9 = 3*q. Suppose 0 = -5*f + 1 + p. Let d(z) = 2*z**2. Determine d(f).
2
Let h(m) be the third derivative of m**7/2520 + m**6/720 + m**5/60 + 3*m**2. Let b(i) be the third derivative of h(i). Calculate b(1).
3
Let g(x) be the first derivative of x**2 + 3*x + 31. What is g(3)?
9
Let p(h) = -2 + h + 6 + 0. Let u be p(0). Let d(j) = -4*j + 2 + 3*j - 4. Determine d(u).
-6
Let a(s) = -3*s**2 + 13*s - 15. Let d(l) = -l**2 + 4*l - 5. Let k(w) = -3*a(w) + 8*d(w). Let u be k(5). Let o(c) = -c**2 - 7*c - 5. What is o(u)?
5
Let h(y) be the first derivative of -y**3 - 1/4*y**4 - 2 - 4*y + 3/2*y**2. Calculate h(-4).
0
Suppose -22 = q + 5*g, 0 = 3*q + g - 4 - 0. Suppose -q*t = -4*t. Suppose t = -5*p - 5*y + 20, -2*y = -0*y - 10. Let c(o) = -9*o**2 - 2*o - 1. Give c(p).
-8
Suppose 2*d = -3*d. Let m be (-1 + d/3)*-2. Let o(u) = m - 3 + 2*u - 3*u. Give o(4).
-5
Suppose 4 = 2*n + 3*t - 3, -4 = -4*t. Let p(c) = c - 2. Let m be p(5). Let u be (-3 + m)*1/n. Let l(g) = -g - 8. Determine l(u).
-8
Let v(j) = j**2 + 5*j - 4. Suppose -4*t = -2*k - 24, -t + 6 = -2*k - 3*t. Calculate v(k).
2
Let o(f) = 4*f**3 - 5*f**2 + 5*f + 6. Let t(m) = -3*m**3 + 5*m**2 - 4*m - 6. Let q(b) = 4*o(b) + 5*t(b). Let k be (-2)/5 + (-23)/5. What is q(k)?
-6
Suppose 6 = 2*c + w + w, -5*c - w + 31 = 0. Let v(o) = o - 8. Let y be v(c). Let j(a) = 2*a**2 - 1. What is j(y)?
1
Let f(m) = m + 1. Suppose 0 = 3*d + 5*i - 12, 6*d + 4*i = 2*d + 16. Suppose -n + 35 = 2*q, -n = -2*q - d*n + 45. Suppose u = 4*u - q. Give f(u).
6
Let l(i) = i**2 - i - 4. Let u(w) = 2*w**3 + w**2 + w. Let q be u(-1). Suppose -2*f + 1 = -3. Let h = f + q. What is l(h)?
-4
Let x(a) = -a**2 - 4*a + 5. Let d be x(-4). Let z(l) be the first derivative of -l**4/4 + 4*l**3/3 + 3*l**2 - 1. Give z(d).
5
Let m be (-68)/(-20) - 6/15. Suppose -u - m*i + 2 = -4*i, -2*u = 4*i - 28. Let d(n) = 11*n - 9. Let k(b) = 7*b - 6. Let t(r) = 5*d(r) - 8*k(r). What is t(u)?
-3
Let l(b) = 2*b**3 + 5*b**2 + 3*b + 4. Let f(i) = 3*i**3 + 4*i**2 + 2*i + 3. Let u(r) = -4*f(r) + 3*l(r). Determine u(1).
-6
Let d(n) = -2*n - 5 + 5*n**2 + n**3 - 1 + 0. Let t be (-3)/4 - 12/(-16). Suppose 0 = -t*f - 3*f - 15. Determine d(f).
4
Let d(a) = a**3 + 7*a**2 + a + 2. Let o(k) = -1. Let u(v) = -d(v) - 4*o(v). Let h(i) = -3*i**3 - 22*i**2 - 4*i + 6. Let l(f) = 2*h(f) - 7*u(f). What is l(-5)?
3
Let a = -1 + 5. Let p(f) = -5*f**3 - 6*f**2 - 3*f + 7. Let v(l) = 14*l**3 + 18*l**2 + 9*l - 20. Let h(q) = a*v(q) + 11*p(q). What is h(-5)?
7
Let m(a) = a + 3. Let v(r) = 2*r + 5. Let i(x) = -7*m(x) + 4*v(x). What is i(-2)?
-3
Let m(j) = -j**3 + 6*j**2 + j - 2. Let g = -11 - -9. Let o be 15/6*(g + -10). Let a be ((-16)/20)/(4/o). Calculate m(a).
4
Suppose 5*t - 10 = 3*t - 2*y, 2*t = 5*y + 17. Let k(z) = 2*z - 4 + t + 4. What is k(-5)?
-4
Suppose -5*n - 3*f = -8 - 14, 3*f = -2*n + 7. Let i(p) = -p**3 + 6*p**2 - 4*p - 4. Determine i(n).
1